inder when (-4)/36 + 416/18 is divided by x?
7
What is the remainder when (-15)/(-35) + (-1350)/(-35) is divided by 15?
9
Suppose 0 = 3*z + 2*x + 36 - 100, -z + 5*x = -10. Suppose -c = -4*c + 21. What is the remainder when z is divided by c?
6
Calculate the remainder when 54 is divided by (-34)/(3 - 5) - 5.
6
Suppose -4*z + 5*x = -289, z - 70 = -2*x + x. Calculate the remainder when z is divided by 15.
11
Let n(v) = v**3 + 6*v**2 - v + 10. Let y be n(-7). Let a = -4 - y. What is the remainder when a is divided by 15?
13
Let z(b) = -b + 1. Suppose -4*o + 18 = 3*y, -3*o - 3 = -4*y - 4. Let j be z(o). Calculate the remainder when j/((-8)/(-106))*-2 is divided by 18.
17
Let q = 26 + -12. Suppose 3*m = 2*o - 1, m - 7 = 3*o - 6*o. Suppose -52 = -0*u - o*u. What is the remainder when u is divided by q?
12
Let k(t) = 5*t + 1. Let s be k(2). Let b be ((-69)/(-9))/((-7)/(-21)). Let a = b - s. Calculate the remainder when 22 is divided by a.
10
Let d = -2 + 5. Suppose 45 = n + 2*n + 3*h, 4*h - 46 = -d*n. What is the remainder when 41 is divided by n?
13
Let p be (-6)/(9/(-4) + 2). Suppose 2*r = -3*y + 4*r + 25, 0 = -4*y - 2*r + p. Let k(n) = -n**2 + 13*n - 3. Calculate the remainder when k(11) is divided by y.
5
Suppose -3*y - 259 = -4*g, -3*g + 3*y = -213 + 15. What is the remainder when g is divided by 16?
13
Suppose -3*o + o = -6. Suppose 26 = -o*v + 4*h, -4*v = -2*v + h + 10. What is the remainder when 24 is divided by (-117)/v*(-4)/(-6)?
11
Suppose 0*y - 5*s - 6 = -3*y, 3*y + 5*s - 36 = 0. What is the remainder when y is divided by 4?
3
Suppose 5*w - 178 = -3*v, 3*v - 2 = 1. What is the remainder when 104 is divided by w?
34
Suppose 0 = -5*k, 3*g + 2*k = k + 9. Let c(f) = 10*f + 1. What is the remainder when c(g) is divided by 11?
9
Let b(w) = w**3 - w**2 - 2*w + 3. Let t be b(2). Suppose t*z = -0*z + 72. What is the remainder when z is divided by 9?
6
Suppose -5*z = -j - 14, -4*z + 13 - 1 = 0. Suppose 2 = g - j. Calculate the remainder when g is divided by 3.
0
Suppose 5*a + 6*a - 473 = 0. What is the remainder when 169 is divided by a?
40
Suppose 3*t - 4*g = 33 + 73, 38 = t - 2*g. Let i = 19 + -8. What is the remainder when t is divided by i?
8
Let c(b) = -2*b**2 + 6*b - 5. Let t be c(5). Let g = t - -72. Suppose 0 = -5*m + 1 + 79. What is the remainder when g is divided by m?
15
What is the remainder when 117 is divided by 8/(-6)*(-54)/3?
21
Let t = -5 - -9. Suppose -t*d = -0*d - 48. Let x = 25 - d. What is the remainder when 37 is divided by x?
11
Let z = -176 + 257. Suppose z = 4*g + 3*j, 5*g - 4*j - 101 = -8*j. Calculate the remainder when g is divided by ((-6)/(-5))/(1/10).
9
Let k(j) = j + 35. Let u = 2 + 4. Calculate the remainder when k(-14) is divided by u.
3
Let r = 3 + 11. What is the remainder when r is divided by 4?
2
Let f = -29 - -3. Suppose -6 + 36 = -2*c. Let o = c - f. Calculate the remainder when 31 is divided by o.
9
Suppose 4*f + 15 = f. Let n = -16 - f. Calculate the remainder when (-3)/1 + n + 55 is divided by 14.
13
Suppose 5*f - 12 = f, -3*f + 39 = 3*y. What is the remainder when y is divided by 6?
4
Let r = 5 - -11. Calculate the remainder when 46 is divided by r.
14
Let t = -2 - -4. Suppose 0 = -t*z, -2*r - 4*z - 66 = r. Let c = -12 - r. What is the remainder when 18 is divided by c?
8
Let d(m) = m**3 - 3*m**2 + 6*m - 6. Let c = -15 - -19. Calculate the remainder when d(c) is divided by 7.
6
Let z be (-6)/10 + (-115)/(-25). What is the remainder when (68/(-6))/(z/(-30)) is divided by 22?
19
Suppose 0*v = 4*v - 16. Suppose v*x - 4*t = 92, 51 = 4*x - 5*t - 44. What is the remainder when (-4)/(-6) - 115/(-3) is divided by x?
19
Suppose -5*w = 2*o - 90, 3*w = -3*o - 88 + 223. What is the remainder when o is divided by 7?
3
Let x(f) = -15*f - 1. Let z be x(-1). Suppose -2*d - 5*p + z = 0, 8*d - 2*p = 5*d - 17. Calculate the remainder when 18 is divided by (-28)/(-3) - 2/d.
8
Let t(w) = 3*w + 14. Suppose 3*j + 40 = 7*j. What is the remainder when t(5) is divided by j?
9
Let w(f) = -30*f**3 + 2*f**2 + f - 1. What is the remainder when w(-1) is divided by 11?
8
Let o(i) = i**2 - 8*i - 15. What is the remainder when 32 is divided by o(11)?
14
Let o(t) = 2*t + 130. Calculate the remainder when o(0) is divided by 33.
31
Let i = 12 - 10. Calculate the remainder when i is divided by 2.
0
Let k(x) = -5*x - 21. Calculate the remainder when 13 is divided by k(-6).
4
Suppose -11 = -3*v + 130. Let j = 97 - v. What is the remainder when j is divided by 13?
11
Let p = 13 - 10. Suppose 5*b - 2*l = 103, -4*b + 88 = -6*l + p*l. What is the remainder when b is divided by 5?
4
Let k be (3 - 2)/((-1)/49). Let u = k + 84. What is the remainder when u is divided by 12?
11
Let n(q) = q**3 + 11*q**2 - 5*q - 15. Suppose 58 = 4*l - 2*w, l + 0*l + 2*w = 12. Calculate the remainder when n(-11) is divided by l.
12
Let y(u) = -u**3 + 5*u**2 - 4*u + 4. What is the remainder when y(3) is divided by (12/(-15))/((-3)/15)?
2
Let y be 28/(-6) + 10/15. Let u(r) = 5*r + 3. Let n(j) = 5*j + 4. Let v(a) = -3*n(a) + 2*u(a). What is the remainder when v(y) is divided by 5?
4
Let l(q) = q**3 - 5*q**2 - 6*q + 4. Let t be 9/((-1)/((-4)/6)). Let b be l(t). Suppose -b*n + 124 = 40. Calculate the remainder when n is divided by 12.
9
Let r be 12 + (-3)/((-9)/6). Suppose 0 = 3*q - 7 - r. What is the remainder when q is divided by 5?
2
Suppose 5*g - 178 - 202 = 0. Suppose 4*t - g = -8. Calculate the remainder when 33 is divided by t.
16
Suppose -3*h = -2*o - 3, 4*h + o + 0 - 4 = 0. Suppose -h = 5*l + q, -16 = -l - 4*q - 1. Calculate the remainder when (-1)/(l*1/38) is divided by 13.
12
Calculate the remainder when ((-8)/(-3))/4*363 is divided by 41.
37
Let t(u) = -u**3 + 11*u**2 + u + 15. What is the remainder when 100 is divided by t(11)?
22
What is the remainder when (10/(-15))/(4/(-96)) is divided by 10?
6
Let o(v) = -v - 2. Let g be o(-6). Suppose 2*l = 3*l + g*u, -u = 5*l - 19. Calculate the remainder when l is divided by (0 + 1)/(1/3).
1
Suppose 0 = 2*v - v - n + 7, 5*n = 4*v + 33. Let b = v - -10. What is the remainder when 15 is divided by b?
7
What is the remainder when (-186)/(-3) - 0/(-4) is divided by 16?
14
Suppose -15 = -2*r + 11. What is the remainder when 49 is divided by r?
10
Let v be -4*(-3)/6*-11. Let y = 3 - v. Calculate the remainder when 72 is divided by y.
22
Suppose -p + 9 = -2*p. Let w = p - -10. What is the remainder when 3 is divided by w?
0
Let u = 87 + -56. What is the remainder when u is divided by 8?
7
Let l(n) = 6*n - 7. Let m(s) = -s + 1. Let z(d) = l(d) + 4*m(d). Let r be z(3). What is the remainder when ((-94)/4)/(r/(-6)) is divided by 12?
11
What is the remainder when 54/(-189) + 956/14 is divided by 9?
5
Suppose -j + 5 = -2*j, -4*j + 262 = 3*r. Calculate the remainder when r is divided by 33.
28
Let b(p) = p**3 + 16*p**2 + 15*p + 6. Suppose -s - 1 = 0, 3*v = 5*s - 4*s + 7. Calculate the remainder when b(-15) is divided by v.
0
Let g(f) = 3*f**2 - 5. Suppose 4*v - 59 = 3*j, 3*v - 4*v - 4 = 3*j. Calculate the remainder when g(4) is divided by v.
10
Let k = -8 - -10. Suppose 0 = -k*p - p + 111. Suppose 34 = 5*a + d, -3*a - 2*a + 2*d = -p. Calculate the remainder when 19 is divided by a.
5
Let w = 70 + 12. What is the remainder when w is divided by 21?
19
Let g(q) = -q**2 + 11*q + 16. Let x be g(11). Suppose -4*t - x = 0, 2*w + 3*t = -0*w + 6. Calculate the remainder when 25 is divided by w.
7
Suppose -j - 7 = 3*p, 0*p - 34 = -3*j + 2*p. Let q(f) = -3*f + 38. What is the remainder when j is divided by q(11)?
3
Let x be (148/(-6))/((-4)/6). Suppose -2*w = b - w - x, -4*w = 16. Let d = 58 - b. Calculate the remainder when 50 is divided by d.
16
Let f = -15 + 46. What is the remainder when f is divided by 4?
3
Let c be ((-528)/(-20))/((-2)/20). Calculate the remainder when 15 is divided by c/11*1/(-3).
7
Let j be ((-3)/9)/((-4)/12). Calculate the remainder when (j/(-2))/((-2)/20) is divided by 2.
1
Let x = 33 - 15. What is the remainder when 33 is divided by x?
15
Let s be (-5)/(-20) - (-66)/(-8). Let x = -5 - s. Suppose 0 = -x*z + 6*z - 18. Calculate the remainder when 17 is divided by z.
5
Calculate the remainder when 51 is divided by 93/5 + 3/(-5).
15
Suppose 8*g + 58 = 210. What is the remainder when 69 is divided by g?
12
Let f = 40 + -